[INFO] cloning repository https://github.com/tomcheung789/rust-fsmlite
[INFO] running `Command { std: "git" "-c" "credential.helper=" "-c" "credential.helper=/workspace/cargo-home/bin/git-credential-null" "clone" "--bare" "https://github.com/tomcheung789/rust-fsmlite" "/workspace/cache/git-repos/https%3A%2F%2Fgithub.com%2Ftomcheung789%2Frust-fsmlite", kill_on_drop: false }`
[INFO] [stderr] Cloning into bare repository '/workspace/cache/git-repos/https%3A%2F%2Fgithub.com%2Ftomcheung789%2Frust-fsmlite'...
[INFO] running `Command { std: "git" "rev-parse" "HEAD", kill_on_drop: false }`
[INFO] [stdout] c1d2169c468f2b9147f756f6b302e3a3c2dc5922
[INFO] checking tomcheung789/rust-fsmlite against try#72f88fc4e9458f89516a0b8b0868f3718aec5b47 for pr-74989
[INFO] running `Command { std: "git" "clone" "/workspace/cache/git-repos/https%3A%2F%2Fgithub.com%2Ftomcheung789%2Frust-fsmlite" "/workspace/builds/worker-9/source", kill_on_drop: false }`
[INFO] [stderr] Cloning into '/workspace/builds/worker-9/source'...
[INFO] [stderr] done.
[INFO] validating manifest of git repo https://github.com/tomcheung789/rust-fsmlite on toolchain 72f88fc4e9458f89516a0b8b0868f3718aec5b47
[INFO] running `Command { std: "/workspace/cargo-home/bin/cargo" "+72f88fc4e9458f89516a0b8b0868f3718aec5b47" "read-manifest" "--manifest-path" "Cargo.toml", kill_on_drop: false }`
[INFO] started tweaking git repo https://github.com/tomcheung789/rust-fsmlite
[INFO] finished tweaking git repo https://github.com/tomcheung789/rust-fsmlite
[INFO] tweaked toml for git repo https://github.com/tomcheung789/rust-fsmlite written to /workspace/builds/worker-9/source/Cargo.toml
[INFO] crate git repo https://github.com/tomcheung789/rust-fsmlite already has a lockfile, it will not be regenerated
[INFO] running `Command { std: "/workspace/cargo-home/bin/cargo" "+72f88fc4e9458f89516a0b8b0868f3718aec5b47" "fetch" "--locked" "--manifest-path" "Cargo.toml", kill_on_drop: false }`
[INFO] running `Command { std: "docker" "create" "-v" "/var/lib/crater-agent-workspace/builds/worker-9/target:/opt/rustwide/target:rw,Z" "-v" "/var/lib/crater-agent-workspace/builds/worker-9/source:/opt/rustwide/workdir:ro,Z" "-v" "/var/lib/crater-agent-workspace/cargo-home:/opt/rustwide/cargo-home:ro,Z" "-v" "/var/lib/crater-agent-workspace/rustup-home:/opt/rustwide/rustup-home:ro,Z" "-e" "SOURCE_DIR=/opt/rustwide/workdir" "-e" "CARGO_TARGET_DIR=/opt/rustwide/target" "-e" "CARGO_HOME=/opt/rustwide/cargo-home" "-e" "RUSTUP_HOME=/opt/rustwide/rustup-home" "-w" "/opt/rustwide/workdir" "-m" "1610612736" "--user" "0:0" "--network" "none" "rustops/crates-build-env@sha256:d92eaeed33fa75130ca1ee6c8a01d1ffb62bac859dfdfb3450e3e5d1c0146529" "/opt/rustwide/cargo-home/bin/cargo" "+72f88fc4e9458f89516a0b8b0868f3718aec5b47" "metadata" "--no-deps" "--format-version=1", kill_on_drop: false }`
[INFO] [stdout] 94f4306cbc7d2bc5a80e980431d02d2ffb237ba51221adeee56c76b04033654c
[INFO] [stderr] WARNING: Your kernel does not support swap limit capabilities or the cgroup is not mounted. Memory limited without swap.
[INFO] running `Command { std: "docker" "start" "-a" "94f4306cbc7d2bc5a80e980431d02d2ffb237ba51221adeee56c76b04033654c", kill_on_drop: false }`
[INFO] running `Command { std: "docker" "inspect" "94f4306cbc7d2bc5a80e980431d02d2ffb237ba51221adeee56c76b04033654c", kill_on_drop: false }`
[INFO] running `Command { std: "docker" "rm" "-f" "94f4306cbc7d2bc5a80e980431d02d2ffb237ba51221adeee56c76b04033654c", kill_on_drop: false }`
[INFO] [stdout] 94f4306cbc7d2bc5a80e980431d02d2ffb237ba51221adeee56c76b04033654c
[INFO] running `Command { std: "docker" "create" "-v" "/var/lib/crater-agent-workspace/builds/worker-9/target:/opt/rustwide/target:rw,Z" "-v" "/var/lib/crater-agent-workspace/builds/worker-9/source:/opt/rustwide/workdir:ro,Z" "-v" "/var/lib/crater-agent-workspace/cargo-home:/opt/rustwide/cargo-home:ro,Z" "-v" "/var/lib/crater-agent-workspace/rustup-home:/opt/rustwide/rustup-home:ro,Z" "-e" "SOURCE_DIR=/opt/rustwide/workdir" "-e" "CARGO_TARGET_DIR=/opt/rustwide/target" "-e" "CARGO_INCREMENTAL=0" "-e" "RUST_BACKTRACE=full" "-e" "RUSTFLAGS=--cap-lints=forbid" "-e" "CARGO_HOME=/opt/rustwide/cargo-home" "-e" "RUSTUP_HOME=/opt/rustwide/rustup-home" "-w" "/opt/rustwide/workdir" "-m" "1610612736" "--user" "0:0" "--network" "none" "rustops/crates-build-env@sha256:d92eaeed33fa75130ca1ee6c8a01d1ffb62bac859dfdfb3450e3e5d1c0146529" "/opt/rustwide/cargo-home/bin/cargo" "+72f88fc4e9458f89516a0b8b0868f3718aec5b47" "check" "--frozen" "--all" "--all-targets" "--message-format=json", kill_on_drop: false }`
[INFO] [stdout] a8de6133f26c1f86c985f0c9bb7014a7a98168877ada3faec81abb75689f19a5
[INFO] [stderr] WARNING: Your kernel does not support swap limit capabilities or the cgroup is not mounted. Memory limited without swap.
[INFO] running `Command { std: "docker" "start" "-a" "a8de6133f26c1f86c985f0c9bb7014a7a98168877ada3faec81abb75689f19a5", kill_on_drop: false }`
[INFO] [stderr]     Checking fsmlite v0.0.1 (/opt/rustwide/workdir)
[INFO] [stdout] error: invalid suffix `i` for integer literal
[INFO] [stdout]   --> src/lib.rs:77:23
[INFO] [stdout]    |
[INFO] [stdout] 77 |       let mut count = 0i;
[INFO] [stdout]    |                       ^^ invalid suffix `i`
[INFO] [stdout]    |
[INFO] [stdout]    = help: the suffix must be one of the integral types (`u32`, `isize`, etc)
[INFO] [stdout] 
[INFO] [stdout] 
[INFO] [stdout] error: invalid suffix `i` for integer literal
[INFO] [stdout]   --> src/lib.rs:94:25
[INFO] [stdout]    |
[INFO] [stdout] 94 |         let mut count = 0i;
[INFO] [stdout]    |                         ^^ invalid suffix `i`
[INFO] [stdout]    |
[INFO] [stdout]    = help: the suffix must be one of the integral types (`u32`, `isize`, etc)
[INFO] [stdout] 
[INFO] [stdout] 
[INFO] [stdout] error: invalid suffix `i` for integer literal
[INFO] [stdout]    --> src/lib.rs:109:23
[INFO] [stdout]     |
[INFO] [stdout] 109 |       let mut count = 0i;
[INFO] [stdout]     |                       ^^ invalid suffix `i`
[INFO] [stdout]     |
[INFO] [stdout]     = help: the suffix must be one of the integral types (`u32`, `isize`, etc)
[INFO] [stdout] 
[INFO] [stdout] 
[INFO] [stdout] error: invalid suffix `i` for integer literal
[INFO] [stdout]   --> src/lib.rs:77:23
[INFO] [stdout]    |
[INFO] [stdout] 77 |       let mut count = 0i;
[INFO] [stdout]    |                       ^^ invalid suffix `i`
[INFO] [stdout]    |
[INFO] [stdout]    = help: the suffix must be one of the integral types (`u32`, `isize`, etc)
[INFO] [stdout] 
[INFO] [stdout] 
[INFO] [stdout] error: invalid suffix `i` for integer literal
[INFO] [stdout]   --> src/lib.rs:94:25
[INFO] [stdout]    |
[INFO] [stdout] 94 |         let mut count = 0i;
[INFO] [stdout]    |                         ^^ invalid suffix `i`
[INFO] [stdout]    |
[INFO] [stdout]    = help: the suffix must be one of the integral types (`u32`, `isize`, etc)
[INFO] [stdout] 
[INFO] [stdout] 
[INFO] [stdout] error: invalid suffix `i` for integer literal
[INFO] [stdout]    --> src/lib.rs:109:23
[INFO] [stdout]     |
[INFO] [stdout] 109 |       let mut count = 0i;
[INFO] [stdout]     |                       ^^ invalid suffix `i`
[INFO] [stdout]     |
[INFO] [stdout]     = help: the suffix must be one of the integral types (`u32`, `isize`, etc)
[INFO] [stdout] 
[INFO] [stdout] 
[INFO] [stdout] error[E0599]: no method named `as_slice` found for struct `String` in the current scope
[INFO] [stdout]    --> src/lib.rs:129:19
[INFO] [stdout]     |
[INFO] [stdout] 129 |         if e.name.as_slice() == event {
[INFO] [stdout]     |                   ^^^^^^^^ method not found in `String`
[INFO] [stdout] 
[INFO] [stdout] 
[INFO] [stdout] error[E0599]: no method named `as_slice` found for struct `String` in the current scope
[INFO] [stdout]    --> src/lib.rs:176:17
[INFO] [stdout]     |
[INFO] [stdout] 176 |       if e.name.as_slice() == event {
[INFO] [stdout]     |                 ^^^^^^^^ method not found in `String`
[INFO] [stdout] 
[INFO] [stdout] 
[INFO] [stdout] error[E0599]: no method named `as_slice` found for reference `&String` in the current scope
[INFO] [stdout]    --> src/lib.rs:197:23
[INFO] [stdout]     |
[INFO] [stdout] 197 |                 if cs.as_slice() == "" { false }
[INFO] [stdout]     |                       ^^^^^^^^ method not found in `&String`
[INFO] [stdout] 
[INFO] [stdout] 
[INFO] [stdout] error: aborting due to 6 previous errors
[INFO] [stdout] 
[INFO] [stdout] 
[INFO] [stdout] For more information about this error, try `rustc --explain E0599`.
[INFO] [stdout] 
[INFO] [stderr] error: could not compile `fsmlite`.
[INFO] [stderr] 
[INFO] [stderr] To learn more, run the command again with --verbose.
[INFO] [stderr] warning: build failed, waiting for other jobs to finish...
[INFO] [stdout] error[E0599]: no method named `as_slice` found for struct `String` in the current scope
[INFO] [stdout]    --> src/lib.rs:129:19
[INFO] [stdout]     |
[INFO] [stdout] 129 |         if e.name.as_slice() == event {
[INFO] [stdout]     |                   ^^^^^^^^ method not found in `String`
[INFO] [stdout] 
[INFO] [stdout] 
[INFO] [stdout] error[E0599]: no method named `as_slice` found for struct `String` in the current scope
[INFO] [stdout]    --> src/lib.rs:176:17
[INFO] [stdout]     |
[INFO] [stdout] 176 |       if e.name.as_slice() == event {
[INFO] [stdout]     |                 ^^^^^^^^ method not found in `String`
[INFO] [stdout] 
[INFO] [stdout] 
[INFO] [stdout] error[E0599]: no method named `as_slice` found for reference `&String` in the current scope
[INFO] [stdout]    --> src/lib.rs:197:23
[INFO] [stdout]     |
[INFO] [stdout] 197 |                 if cs.as_slice() == "" { false }
[INFO] [stdout]     |                       ^^^^^^^^ method not found in `&String`
[INFO] [stdout] 
[INFO] [stdout] 
[INFO] [stdout] error: aborting due to 6 previous errors
[INFO] [stdout] 
[INFO] [stdout] 
[INFO] [stdout] For more information about this error, try `rustc --explain E0599`.
[INFO] [stdout] 
[INFO] [stderr] error: build failed
[INFO] running `Command { std: "docker" "inspect" "a8de6133f26c1f86c985f0c9bb7014a7a98168877ada3faec81abb75689f19a5", kill_on_drop: false }`
[INFO] running `Command { std: "docker" "rm" "-f" "a8de6133f26c1f86c985f0c9bb7014a7a98168877ada3faec81abb75689f19a5", kill_on_drop: false }`
[INFO] [stdout] a8de6133f26c1f86c985f0c9bb7014a7a98168877ada3faec81abb75689f19a5
